{"id":332,"date":"2021-11-11T16:11:38","date_gmt":"2021-11-11T16:11:38","guid":{"rendered":"https:\/\/revistadoscondominios.com.br\/nova\/?page_id=332"},"modified":"2021-11-11T16:11:38","modified_gmt":"2021-11-11T16:11:38","slug":"gestao-de-conflitos-em-condominios","status":"publish","type":"page","link":"https:\/\/revistadoscondominios.com.br\/desenvolvimento\/gestao-de-conflitos-em-condominios\/","title":{"rendered":"Mediando as solu\u00e7\u00f5es"},"content":{"rendered":"\t\t<div data-elementor-type=\"wp-page\" data-elementor-id=\"332\" class=\"elementor elementor-332\">\n\t\t\t\t\t\t<section class=\"elementor-section elementor-top-section elementor-element elementor-element-d777933 elementor-section-full_width elementor-section-height-min-height elementor-section-items-stretch elementor-section-content-middle elementor-section-height-default\" data-id=\"d777933\" data-element_type=\"section\">\n\t\t\t\t\t\t<div class=\"elementor-container elementor-column-gap-no\">\n\t\t\t\t\t<div class=\"elementor-column elementor-col-100 elementor-top-column elementor-element elementor-element-7f47cb96\" data-id=\"7f47cb96\" data-element_type=\"column\">\n\t\t\t<div class=\"elementor-widget-wrap elementor-element-populated\">\n\t\t\t\t\t\t<section class=\"elementor-section elementor-inner-section elementor-element elementor-element-5817e689 elementor-section-full_width elementor-section-height-default elementor-section-height-default\" data-id=\"5817e689\" data-element_type=\"section\">\n\t\t\t\t\t\t<div class=\"elementor-container elementor-column-gap-no\">\n\t\t\t\t\t<div class=\"elementor-column elementor-col-50 elementor-inner-column elementor-element elementor-element-6b5157d0\" data-id=\"6b5157d0\" data-element_type=\"column\">\n\t\t\t<div class=\"elementor-widget-wrap elementor-element-populated\">\n\t\t\t\t\t\t<div class=\"elementor-element elementor-element-1350aca elementor-widget elementor-widget-image\" data-id=\"1350aca\" data-element_type=\"widget\" data-widget_type=\"image.default\">\n\t\t\t\t<div class=\"elementor-widget-container\">\n\t\t\t\t\t\t\t\t\t\t\t\t\t\t\t<img fetchpriority=\"high\" decoding=\"async\" width=\"640\" height=\"203\" src=\"https:\/\/revistadoscondominios.com.br\/desenvolvimento\/wp-content\/uploads\/2021\/11\/gestao-de-conflitos-em-condominios-1024x324.png\" class=\"attachment-large size-large wp-image-334\" alt=\"\" srcset=\"https:\/\/revistadoscondominios.com.br\/desenvolvimento\/wp-content\/uploads\/2021\/11\/gestao-de-conflitos-em-condominios-1024x324.png 1024w, https:\/\/revistadoscondominios.com.br\/desenvolvimento\/wp-content\/uploads\/2021\/11\/gestao-de-conflitos-em-condominios-300x95.png 300w, https:\/\/revistadoscondominios.com.br\/desenvolvimento\/wp-content\/uploads\/2021\/11\/gestao-de-conflitos-em-condominios-768x243.png 768w, https:\/\/revistadoscondominios.com.br\/desenvolvimento\/wp-content\/uploads\/2021\/11\/gestao-de-conflitos-em-condominios.png 1170w\" sizes=\"(max-width: 640px) 100vw, 640px\" \/>\t\t\t\t\t\t\t\t\t\t\t\t\t\t\t<\/div>\n\t\t\t\t<\/div>\n\t\t\t\t<div class=\"elementor-element elementor-element-c8c8302 elementor-widget elementor-widget-heading\" data-id=\"c8c8302\" data-element_type=\"widget\" data-widget_type=\"heading.default\">\n\t\t\t\t<div class=\"elementor-widget-container\">\n\t\t\t\t\t<h1 class=\"elementor-heading-title elementor-size-default\"><span style=\"font-family: Poppins;font-size: 30px;white-space: normal\">MEDIANDO AS SOLU\u00c7\u00d5ES<\/span><\/h1>\t\t\t\t<\/div>\n\t\t\t\t<\/div>\n\t\t\t\t<div class=\"elementor-element elementor-element-55acf66 elementor-widget elementor-widget-text-editor\" data-id=\"55acf66\" data-element_type=\"widget\" data-widget_type=\"text-editor.default\">\n\t\t\t\t<div class=\"elementor-widget-container\">\n\t\t\t\t\t\t\t\t\t<p><style>\np.capit::first-letter {   font-size: 4rem;    font-weight: bold;   float: left;margin: -20px 10px -20px 0px;}<br \/><\/style><\/p><p class=\"capit\">N\u00e3o temos como pensar em condom\u00ednios sem imaginar um turbilh\u00e3o de conflitos que, por consequ\u00eancia, prejudica gestores, moradores, funcion\u00e1rios, prestadores de servi\u00e7os, administradoras e todos que ali se relacionem.<\/p>\t\t\t\t\t\t\t\t<\/div>\n\t\t\t\t<\/div>\n\t\t\t\t<div class=\"elementor-element elementor-element-eda06fe elementor-widget elementor-widget-text-editor\" data-id=\"eda06fe\" data-element_type=\"widget\" data-widget_type=\"text-editor.default\">\n\t\t\t\t<div class=\"elementor-widget-container\">\n\t\t\t\t\t\t\t\t\t<p>As pessoas s\u00e3o conflituosas por natureza, movidas por emo\u00e7\u00f5es e desejos, objetivando atender seus prop\u00f3sitos, por vezes sup\u00e9rfluos.<\/p>\t\t\t\t\t\t\t\t<\/div>\n\t\t\t\t<\/div>\n\t\t\t\t<div class=\"elementor-element elementor-element-5b2ca6e elementor-widget elementor-widget-text-editor\" data-id=\"5b2ca6e\" data-element_type=\"widget\" data-widget_type=\"text-editor.default\">\n\t\t\t\t<div class=\"elementor-widget-container\">\n\t\t\t\t\t\t\t\t\t<p>\u00c9 relevante afirmar que quem tem conflito tem pressa em solucion\u00e1-los.<\/p>\t\t\t\t\t\t\t\t<\/div>\n\t\t\t\t<\/div>\n\t\t\t\t<div class=\"elementor-element elementor-element-15ed658 elementor-widget elementor-widget-text-editor\" data-id=\"15ed658\" data-element_type=\"widget\" data-widget_type=\"text-editor.default\">\n\t\t\t\t<div class=\"elementor-widget-container\">\n\t\t\t\t\t\t\t\t\t<p>Ponderando quanto a essa premissa, ser\u00e1 adequada a utiliza\u00e7\u00e3o da media\u00e7\u00e3o como ferramenta auxiliar na busca c\u00e9lere e efetiva para o entendimento nos conflitos condominiais.<\/p>\t\t\t\t\t\t\t\t<\/div>\n\t\t\t\t<\/div>\n\t\t\t\t<div class=\"elementor-element elementor-element-6928b04 elementor-widget elementor-widget-text-editor\" data-id=\"6928b04\" data-element_type=\"widget\" data-widget_type=\"text-editor.default\">\n\t\t\t\t<div class=\"elementor-widget-container\">\n\t\t\t\t\t\t\t\t\t<p><span style=\"color: #1f2732; font-family: Poppins; text-align: left;\">A media\u00e7\u00e3o atua de forma contr\u00e1ria \u00e0 judicializa\u00e7\u00e3o, estimulando os conflitantes a concentrarem-se na solu\u00e7\u00e3o dos seus problemas. \u00c9 adequada \u00e0s rela\u00e7\u00f5es continuadas, como \u00e9 o caso no direito de vizinhan\u00e7a.<\/span><\/p>\t\t\t\t\t\t\t\t<\/div>\n\t\t\t\t<\/div>\n\t\t\t\t\t<\/div>\n\t\t<\/div>\n\t\t\t\t<div class=\"elementor-column elementor-col-50 elementor-inner-column elementor-element elementor-element-fc7f772\" data-id=\"fc7f772\" data-element_type=\"column\" data-settings=\"{&quot;background_background&quot;:&quot;classic&quot;}\">\n\t\t\t<div class=\"elementor-widget-wrap elementor-element-populated\">\n\t\t\t\t\t\t<div class=\"elementor-element elementor-element-dc7a0b7 elementor-widget elementor-widget-text-editor\" data-id=\"dc7a0b7\" data-element_type=\"widget\" data-widget_type=\"text-editor.default\">\n\t\t\t\t<div class=\"elementor-widget-container\">\n\t\t\t\t\t\t\t\t\t<p>Como auxiliar na gest\u00e3o condominial, o s\u00edndico poder\u00e1 contratar um mediador, que \u00e9 um prestador de servi\u00e7os altamente qualificado, al\u00e9m de ser neutro, imparcial, \u00e9tico, que ter\u00e1 como fun\u00e7\u00e3o a de restabelecer a comunica\u00e7\u00e3o entre os envolvidos, valorizando a autonomia da vontade das partes.<\/p>\t\t\t\t\t\t\t\t<\/div>\n\t\t\t\t<\/div>\n\t\t\t\t<div class=\"elementor-element elementor-element-70ad4d2 elementor-widget elementor-widget-text-editor\" data-id=\"70ad4d2\" data-element_type=\"widget\" data-widget_type=\"text-editor.default\">\n\t\t\t\t<div class=\"elementor-widget-container\">\n\t\t\t\t\t\t\t\t\t<p>O mediador conduzir\u00e1 a audi\u00eancia de media\u00e7\u00e3o por meio de t\u00e9cnicas, atuando de forma eficiente e possibilitando uma an\u00e1lise equilibrada, incentivando a atua\u00e7\u00e3o das partes como autores de suas pr\u00f3prias decis\u00f5es, proporcionando a negocia\u00e7\u00e3o de um acordo com a satisfa\u00e7\u00e3o m\u00fatua.<\/p>\t\t\t\t\t\t\t\t<\/div>\n\t\t\t\t<\/div>\n\t\t\t\t<div class=\"elementor-element elementor-element-d4f9171 elementor-widget elementor-widget-text-editor\" data-id=\"d4f9171\" data-element_type=\"widget\" data-widget_type=\"text-editor.default\">\n\t\t\t\t<div class=\"elementor-widget-container\">\n\t\t\t\t\t\t\t\t\t<p>A media\u00e7\u00e3o traz in\u00fameros benef\u00edcios, como o de se evitarem os altos custos e a demora na solu\u00e7\u00e3o do conflito adversa do que ocorre no Judici\u00e1rio, e ainda evita a exposi\u00e7\u00e3o das partes porque \u00e9 regida pelo princ\u00edpio da confidencialidade, evitando a propaga\u00e7\u00e3o do conte\u00fado da desaven\u00e7a junto \u00e0 coletividade condominial e, por consequ\u00eancia, tamb\u00e9m \u00e0 sociedade.<\/p>\t\t\t\t\t\t\t\t<\/div>\n\t\t\t\t<\/div>\n\t\t\t\t<div class=\"elementor-element elementor-element-3c5dd31 elementor-widget elementor-widget-text-editor\" data-id=\"3c5dd31\" data-element_type=\"widget\" data-widget_type=\"text-editor.default\">\n\t\t\t\t<div class=\"elementor-widget-container\">\n\t\t\t\t\t\t\t\t\t<p>H\u00e1 de se convir que estamos em evolu\u00e7\u00e3o, construindo uma cultura de n\u00e3o lit\u00edgio, focando no restabelecimento da comunica\u00e7\u00e3o, destacando o quanto \u00e9 importante recuperar a harmonia nas rela\u00e7\u00f5es continuadas junto \u00e0 massa condominial.<\/p>\t\t\t\t\t\t\t\t<\/div>\n\t\t\t\t<\/div>\n\t\t\t\t<div class=\"elementor-element elementor-element-07be37d elementor-widget elementor-widget-text-editor\" data-id=\"07be37d\" data-element_type=\"widget\" data-widget_type=\"text-editor.default\">\n\t\t\t\t<div class=\"elementor-widget-container\">\n\t\t\t\t\t\t\t\t\t<p>O grande desafio \u00e9, portanto, a necess\u00e1ria mudan\u00e7a da cultura da judicializa\u00e7\u00e3o pela cultura dos meios adequados na solu\u00e7\u00e3o dos conflitos, n\u00e3o s\u00f3 na forma\u00e7\u00e3o dos bachar\u00e9is em Direito, como da classe advocat\u00edcia, e, por fim, da sociedade, diligenciando junto aos m\u00e9todos extrajudiciais que atendam aos interesses dos conflitantes, por meio das pr\u00e1ticas de media\u00e7\u00e3o.<\/p>\t\t\t\t\t\t\t\t<\/div>\n\t\t\t\t<\/div>\n\t\t\t\t<div class=\"elementor-element elementor-element-fa81cf7 elementor-widget elementor-widget-text-editor\" data-id=\"fa81cf7\" data-element_type=\"widget\" data-widget_type=\"text-editor.default\">\n\t\t\t\t<div class=\"elementor-widget-container\">\n\t\t\t\t\t\t\t\t\t<p>Wania Baeta \u00e9 advogada especialista em Direito Condominial e Gest\u00e3o de Conflitos, mediadora certificada internacional ICFML e S\u00eanior TJ-RJ, \u00e1rbitra, palestrante, professora de p\u00f3s-gradua\u00e7\u00e3o, de capacita\u00e7\u00e3o de gestores condominiais e de cursos de forma\u00e7\u00e3o de mediadores.<\/p>\t\t\t\t\t\t\t\t<\/div>\n\t\t\t\t<\/div>\n\t\t\t\t\t<\/div>\n\t\t<\/div>\n\t\t\t\t\t<\/div>\n\t\t<\/section>\n\t\t\t\t\t<\/div>\n\t\t<\/div>\n\t\t\t\t\t<\/div>\n\t\t<\/section>\n\t\t\t\t<\/div>\n\t\t","protected":false},"excerpt":{"rendered":"<p>MEDIANDO AS SOLU\u00c7\u00d5ES N\u00e3o temos como pensar em condom\u00ednios sem imaginar um turbilh\u00e3o de conflitos que, por consequ\u00eancia,<\/p>\n","protected":false},"author":1,"featured_media":0,"parent":0,"menu_order":0,"comment_status":"closed","ping_status":"closed","template":"elementor_header_footer","meta":{"footnotes":""},"class_list":["post-332","page","type-page","status-publish","hentry"],"_links":{"self":[{"href":"https:\/\/revistadoscondominios.com.br\/desenvolvimento\/wp-json\/wp\/v2\/pages\/332","targetHints":{"allow":["GET"]}}],"collection":[{"href":"https:\/\/revistadoscondominios.com.br\/desenvolvimento\/wp-json\/wp\/v2\/pages"}],"about":[{"href":"https:\/\/revistadoscondominios.com.br\/desenvolvimento\/wp-json\/wp\/v2\/types\/page"}],"author":[{"embeddable":true,"href":"https:\/\/revistadoscondominios.com.br\/desenvolvimento\/wp-json\/wp\/v2\/users\/1"}],"replies":[{"embeddable":true,"href":"https:\/\/revistadoscondominios.com.br\/desenvolvimento\/wp-json\/wp\/v2\/comments?post=332"}],"version-history":[{"count":0,"href":"https:\/\/revistadoscondominios.com.br\/desenvolvimento\/wp-json\/wp\/v2\/pages\/332\/revisions"}],"wp:attachment":[{"href":"https:\/\/revistadoscondominios.com.br\/desenvolvimento\/wp-json\/wp\/v2\/media?parent=332"}],"curies":[{"name":"wp","href":"https:\/\/api.w.org\/{rel}","templated":true}]}}