{"id":551,"date":"2021-11-11T23:47:18","date_gmt":"2021-11-11T23:47:18","guid":{"rendered":"https:\/\/revistadoscondominios.com.br\/nova\/?page_id=551"},"modified":"2021-11-11T23:47:18","modified_gmt":"2021-11-11T23:47:18","slug":"formacao-do-sindico-profissional-exige-conhecimento-tecnico-e-pessoal","status":"publish","type":"page","link":"https:\/\/revistadoscondominios.com.br\/desenvolvimento\/formacao-do-sindico-profissional-exige-conhecimento-tecnico-e-pessoal\/","title":{"rendered":"Forma\u00e7\u00e3o do s\u00edndico profissional exige conhecimento t\u00e9cnico e pessoal"},"content":{"rendered":"<h1>FORMA\u00c7\u00c3O DO S\u00cdNDICO PROFISSIONAL EXIGE CONHECIMENTO T\u00c9CNICO E PESSOAL<\/h1>\n<p>T\u00c9CNICAS DE GEST\u00c3O, RESPEITO \u00c0S LEIS, CAPACIDADE DE LIDERAN\u00c7A, DI\u00c1LOGO E AUTOCONHECIMENTO S\u00c3O ITENS QUE COMP\u00d5EM A F\u00d3RMULA DO ADMINISTRADOR IDEAL<\/p>\n<p>\t\t\t\t\t\t\t\t\t\t\t\t\t\t\t<img loading=\"lazy\" decoding=\"async\" width=\"504\" height=\"500\" src=\"https:\/\/revistadoscondominios.com.br\/nova\/wp-content\/uploads\/2021\/11\/Claudio-Celino.png\" alt=\"\" loading=\"lazy\" srcset=\"https:\/\/revistadoscondominios.com.br\/nova\/wp-content\/uploads\/2021\/11\/Claudio-Celino.png 504w, https:\/\/revistadoscondominios.com.br\/nova\/wp-content\/uploads\/2021\/11\/Claudio-Celino-300x298.png 300w, https:\/\/revistadoscondominios.com.br\/nova\/wp-content\/uploads\/2021\/11\/Claudio-Celino-150x150.png 150w\" sizes=\"auto, (max-width: 504px) 100vw, 504px\" \/><\/p>\n<p><style>\np.capit::first-letter {   font-size: 4rem;    font-weight: bold;   float: left;margin: -20px 10px -20px 0px;}<br \/><\/style>\n<\/p>\n<p>Pode anotar a\u00ed: &#8220;Qualquer um n\u00e3o pode ser s\u00edndico, cargo que n\u00e3o \u00e9 para amadores ou experi\u00eancias de primeira viagem.\u201d A frase \u00e9 de Claudio Celino, presidente da Associa\u00e7\u00e3o Brasileira de S\u00edndicos (Abras\u00edndicos). Para o especialista, ainda h\u00e1 muitas comunidades que n\u00e3o compreendem o valor de um s\u00edndico profissional. Por\u00e9m, todos podem compreender os direitos, os deveres e as puni\u00e7\u00f5es. &#8220;Entendo que at\u00e9 mesmo um morador inexperiente pode se candidatar ao cargo, desde que conhe\u00e7a todas as tarefas que ter\u00e1 que desenvolver ao longo do mandato, quanto esfor\u00e7o isso tomar\u00e1 e quanto custar\u00e1 o exerc\u00edcio da fun\u00e7\u00e3o \u2013 fisicamente, financeiramente e psicologicamente \u2013 sabendo que esse \u00e9 tamb\u00e9m um cargo pol\u00edtico. Tenho certeza de que essa consci\u00eancia j\u00e1 afugentaria os curiosos&#8221;, diz o especialista, destacando que o perfil desejado do s\u00edndico \u00e9 o mesmo de que precisamos no conjunto da sociedade: pessoas \u00edntegras, inteligentes, carism\u00e1ticas e corajosas.<\/p>\n<p>Engenheiro, mestre em Administra\u00e7\u00e3o e professor do MBA em Gest\u00e3o de Condom\u00ednios da Cat\u00f3lica SC, Claudio Celino defende a profissionaliza\u00e7\u00e3o dos s\u00edndicos como fator de evolu\u00e7\u00e3o da pr\u00f3pria sociedade. &#8220;Vivemos numa crise de valores morais.\u201d O condom\u00ednio \u00e9 a menor representa\u00e7\u00e3o do conv\u00edvio social e, depois da fam\u00edlia, o primeiro a ditar regras de conv\u00edvio para o indiv\u00edduo. O s\u00edndico precisa ser valorizado e defendido para ser respeitado perante os cond\u00f4minos, que ser\u00e3o submetidos ao controle social, sem o qual aquela comunidade se transformaria numa anarquia. \u201cEnt\u00e3o, at\u00e9 mais que o conhecimento t\u00e9cnico, o bom s\u00edndico precisa de ferramentas executivas e de lideran\u00e7a que, infelizmente, n\u00e3o s\u00e3o foco da maioria dos cursos de forma\u00e7\u00e3o dispon\u00edveis\u201d, explica.<\/p>\n<p>H\u00e1 diversos cursos no mercado \u2013 presenciais ou on-line cursos livres ou MBA \u2013 com cargas que variam de 20 a 300 horas, a depender do n\u00edvel de profundidade e necessidade do aluno. O importante, segundo Claudio, \u00e9 que contenham as quatro disciplinas b\u00e1sicas da gest\u00e3o condominial: Controladoria; Jur\u00eddico; Opera\u00e7\u00e3o (conforme ABNT NBR 41.000); e Gest\u00e3o Executiva, que envolvem comunica\u00e7\u00e3o, recursos humanos e an\u00e1lise de desempenho da administra\u00e7\u00e3o. &#8220;Existem op\u00e7\u00f5es para todos os gostos e bolsos. O Importante \u00e9 o profissional se atualizar e aprender habilidades novas, pois o mundo est\u00e1 mudando, assim como a forma de lidar com as pessoas e as coisas&#8221;, sentencia.<\/p>\n<p>H\u00e1 boas dicas de quais par\u00e2metros devem ser levados em conta no momento de fazer a sua escolha por um curso formal. &#8220;Existem tr\u00eas formas para comparar tecnicamente as op\u00e7\u00f5es de estudos. A primeira \u00e9 a qualifica\u00e7\u00e3o profissional dos componentes do corpo docente, ou seja, titula\u00e7\u00f5es, especializa\u00e7\u00f5es, cursos livres e certifica\u00e7\u00f5es da coordena\u00e7\u00e3o geral e dos professores. A segunda \u00e9 a experi\u00eancia comprovada no ramo a que o curso se prop\u00f5e: h\u00e1 quanto tempo est\u00e1 no mercado, quantos alunos j\u00e1 formou, quem s\u00e3o esses alunos&#8230; No terceiro ponto, o conte\u00fado program\u00e1tico, que deve contemplar as quatro disciplinas b\u00e1sicas da gest\u00e3o condominial, j\u00e1 citadas aqui. Acrescento, ainda, os depoimentos dos alunos. Eles completam as evid\u00eancias de qualidade daquela institui\u00e7\u00e3o&#8221;, aconselha.<\/p>\n<p>N\u00e3o por acaso, para al\u00e9m das t\u00e9cnicas de gest\u00e3o em si, e da preocupa\u00e7\u00e3o com os aspectos legais da administra\u00e7\u00e3o, o curso de Gest\u00e3o de Condom\u00ednios da Cat\u00f3lica SC abrange aspectos como aprimorar a capacidade de liderar equipes, de negociar e tamb\u00e9m se comunicar com funcion\u00e1rios, prestadores de servi\u00e7os e cond\u00f4minos, desenvolvendo talentos m\u00faltiplos. Na vis\u00e3o mais ampla da miss\u00e3o e das aptid\u00f5es inerentes ao perfil ideal do s\u00edndico profissional, podem, ent\u00e3o, ser considerados outros caminhos para aprimorar sua atua\u00e7\u00e3o e manter-se permanentemente atualizado. &#8220;Se autoconhecer \u00e9 um deles. Quanto mais aprende sobre si, mais voc\u00ea percebe o quanto precisa melhorar. \u201cTodos temos metas que ainda n\u00e3o atingimos\u201d. Ent\u00e3o, uma pergunta a se fazer \u00e9 &#8216;quais habilidades eu preciso desenvolver para ser melhor naquilo que gosto de fazer\u2019?, provoca Celino.<\/p>\n","protected":false},"excerpt":{"rendered":"<p>FORMA\u00c7\u00c3O DO S\u00cdNDICO PROFISSIONAL EXIGE CONHECIMENTO T\u00c9CNICO E PESSOAL T\u00c9CNICAS DE GEST\u00c3O, RESPEITO \u00c0S LEIS, CAPACIDADE DE LIDERAN\u00c7A,<\/p>\n","protected":false},"author":1,"featured_media":0,"parent":0,"menu_order":0,"comment_status":"closed","ping_status":"closed","template":"elementor_header_footer","meta":{"footnotes":""},"class_list":["post-551","page","type-page","status-publish","hentry"],"_links":{"self":[{"href":"https:\/\/revistadoscondominios.com.br\/desenvolvimento\/wp-json\/wp\/v2\/pages\/551","targetHints":{"allow":["GET"]}}],"collection":[{"href":"https:\/\/revistadoscondominios.com.br\/desenvolvimento\/wp-json\/wp\/v2\/pages"}],"about":[{"href":"https:\/\/revistadoscondominios.com.br\/desenvolvimento\/wp-json\/wp\/v2\/types\/page"}],"author":[{"embeddable":true,"href":"https:\/\/revistadoscondominios.com.br\/desenvolvimento\/wp-json\/wp\/v2\/users\/1"}],"replies":[{"embeddable":true,"href":"https:\/\/revistadoscondominios.com.br\/desenvolvimento\/wp-json\/wp\/v2\/comments?post=551"}],"version-history":[{"count":0,"href":"https:\/\/revistadoscondominios.com.br\/desenvolvimento\/wp-json\/wp\/v2\/pages\/551\/revisions"}],"wp:attachment":[{"href":"https:\/\/revistadoscondominios.com.br\/desenvolvimento\/wp-json\/wp\/v2\/media?parent=551"}],"curies":[{"name":"wp","href":"https:\/\/api.w.org\/{rel}","templated":true}]}}