{"id":596,"date":"2021-11-12T00:57:53","date_gmt":"2021-11-12T00:57:53","guid":{"rendered":"https:\/\/revistadoscondominios.com.br\/nova\/?page_id=596"},"modified":"2021-11-12T00:57:53","modified_gmt":"2021-11-12T00:57:53","slug":"bioparque-do-rio-novo-conceito-no-grande-condominio-dos-animais","status":"publish","type":"page","link":"https:\/\/revistadoscondominios.com.br\/desenvolvimento\/bioparque-do-rio-novo-conceito-no-grande-condominio-dos-animais\/","title":{"rendered":"BioParque do Rio: novo conceito no grande condom\u00ednio dos animais"},"content":{"rendered":"<h1>BIOPARQUE DO RIO: NOVO CONCEITO NO GRANDE CONDOM\u00cdNIO DOS ANIMAIS<\/h1>\n<p>\t\tREINAUGURADO RECENTEMENTE COM UMA NOVA PROPOSTA, EQUIPAMENTO RE\u00daNE 1.100 ANIMAIS DE CERCA DE 140 ESP\u00c9CIES EM ESPA\u00c7OS MAIS AMPLOS, GARANTINDO SUSTENTABILIDADE E ACESSIBILIDADE\u00a0<br \/>\n\t\t\t\t\t\t\t\t\t\t\t\t\t\t\t<img loading=\"lazy\" decoding=\"async\" width=\"500\" height=\"500\" src=\"https:\/\/revistadoscondominios.com.br\/nova\/wp-content\/uploads\/2021\/11\/Logo-BioParque.png\" alt=\"\" loading=\"lazy\" srcset=\"https:\/\/revistadoscondominios.com.br\/nova\/wp-content\/uploads\/2021\/11\/Logo-BioParque.png 500w, https:\/\/revistadoscondominios.com.br\/nova\/wp-content\/uploads\/2021\/11\/Logo-BioParque-300x300.png 300w, https:\/\/revistadoscondominios.com.br\/nova\/wp-content\/uploads\/2021\/11\/Logo-BioParque-150x150.png 150w\" sizes=\"auto, (max-width: 500px) 100vw, 500px\" \/><\/p>\n<p><style>\np.capit::first-letter {   font-size: 4rem;    font-weight: bold;   float: left;margin: -20px 10px -20px 0px;}<br \/><\/style>\n<\/p>\n<p>Bichos tamb\u00e9m vivem em condom\u00ednios. Mas aqui n\u00e3o vamos falar sobre pets. \u00c9 a vez dos animais selvagens. No Rio de Janeiro, foi reinaugurado este ano, totalmente modernizado e dentro de um novo conceito de sustentabilidade, acessibilidade, pesquisa e respeito \u00e0 fauna e ao meio ambiente, o BioParque do Rio. Trata-se do antigo zool\u00f3gico da cidade, que passou por ampla moderniza\u00e7\u00e3o, incluindo \u00e1reas de maior integra\u00e7\u00e3o dos animais com os visitantes, al\u00e9m do resgate hist\u00f3rico do pr\u00f3prio espa\u00e7o, que tem nas suas origens a Fam\u00edlia Imperial.<\/p>\n<p>A gest\u00e3o do novo equipamento est\u00e1 a cargo do Grupo Cataratas, que, dentre outros, tamb\u00e9m \u00e9 respons\u00e1vel pelo lado brasileiro do Parque Nacional do Igua\u00e7u, pelo Parque Nacional Marinho de Fernando de Noronha, Corcovado e Aqu\u00e1rio Marinho do Rio de Janeiro.<\/p>\n<p>A gerente de sustentabilidade, Talita Uzeda, recebeu a nossa reportagem e reiterou que a Parceria P\u00fablico-Privada com a Prefeitura do Rio inclui a remodela\u00e7\u00e3o completa do parque, tendo como principais premissas a educa\u00e7\u00e3o, a pesquisa e a conserva\u00e7\u00e3o de esp\u00e9cies amea\u00e7adas, num investimento de R$ 65 milh\u00f5es.<\/p>\n<p>\t\t\t\t\t\t\t\t\t\t\t\t\t\t\t<img loading=\"lazy\" decoding=\"async\" width=\"514\" height=\"500\" src=\"https:\/\/revistadoscondominios.com.br\/nova\/wp-content\/uploads\/2021\/11\/BioParque.png\" alt=\"\" loading=\"lazy\" srcset=\"https:\/\/revistadoscondominios.com.br\/nova\/wp-content\/uploads\/2021\/11\/BioParque.png 514w, https:\/\/revistadoscondominios.com.br\/nova\/wp-content\/uploads\/2021\/11\/BioParque-300x292.png 300w\" sizes=\"auto, (max-width: 514px) 100vw, 514px\" \/><\/p>\n<p>Nesse sentido, 90% das aves presentes no BioParque foram recuperadas do tr\u00e1fico de animais. Logo na entrada, o visitante vai poder entrar no imenso viveiro \u201cImers\u00e3o Tropical\u201d, onde ver\u00e1 de perto diversas aves como araras e at\u00e9 uma seriema e uma iguana que passeiam tranquilamente entre as pessoas, al\u00e9m do mico-le\u00e3o-dourado e diversas outras esp\u00e9cies.<\/p>\n<p>Dentre as novidades, o espa\u00e7o Savana Africana, de cerca de 13 mil m2, agora inclui um passeio de barco \u2013 verdadeira alegria das crian\u00e7as \u2013 por poderem observar bem de perto animais que n\u00e3o existem por aqui. Outros destaques s\u00e3o a Ilha dos Primatas, com os macacos livres, a Fazendinha, e o espa\u00e7o muito maior dedicado aos elefantes. Na redoma do Crep\u00fasculo, os visitantes poder\u00e3o entrar e ter contato com corujas, aranhas e serpentes, e muito mais.<\/p>\n<p>Em breve novos animais dever\u00e3o ser incorporados, como a girafas, zebras, leoas e um tigre branco.<\/p>\n<p>ACESSIBILIDADE E SUSTENTABILIDADE<\/p>\n<p>Como um grande condom\u00ednio cujos moradores recebem milhares de visitantes \u2013 atualmente s\u00e3o 7 mil por dia, dentro da capacidade m\u00e1xima de 10 mil \u2013, a quest\u00e3o da acessibilidade foi contemplada, tendo em vista que o projeto proporciona o acesso a pessoas portadoras de todos os tipos de defici\u00eancia ou limita\u00e7\u00f5es f\u00edsicas. A pavimenta\u00e7\u00e3o recebeu um cuidado especial ao longo de todo o circuito de visita\u00e7\u00e3o, especialmente para idosos e pessoas com defici\u00eancia. O parque conta ainda com piso t\u00e1til, rampas, banheiros acess\u00edveis e, em breve, comunica\u00e7\u00e3o em Libras.<\/p>\n<p>Como um grande condom\u00ednio cujos moradores recebem milhares de visitantes \u2013 atualmente s\u00e3o 7 mil por dia, dentro da capacidade m\u00e1xima de 10 mil \u2013, a quest\u00e3o da acessibilidade foi contemplada, tendo em vista que o projeto proporciona o acesso a pessoas portadoras de todos os tipos de defici\u00eancia ou limita\u00e7\u00f5es f\u00edsicas. A pavimenta\u00e7\u00e3o recebeu um cuidado especial ao longo de todo o circuito de visita\u00e7\u00e3o, especialmente para idosos e pessoas com defici\u00eancia. O parque conta ainda com piso t\u00e1til, rampas, banheiros acess\u00edveis e, em breve, comunica\u00e7\u00e3o em Libras.<\/p>\n<p>Quanto \u00e0 sustentabilidade, muitos materiais naturais foram aproveitados na infraestrutura. O visitante perceber\u00e1 a instala\u00e7\u00e3o de barreiras naturais em muitos espa\u00e7os, enquanto em outros h\u00e1 barreiras f\u00edsicas, mas sem grades, nem jaulas e com grandes janelas de vidro. Na \u00e1rea dos hipop\u00f3tamos, as crian\u00e7as curtiram muito a possibilidade de v\u00ea-los nadando dentro de um grande tanque. A intera\u00e7\u00e3o acontece em total seguran\u00e7a, respeitando o bem-estar e aproximando o p\u00fablico dos animais.<\/p>\n<p>Talita Uzeda informou que, por conta da gradual retomada do turismo na cidade, a grande maioria de visitantes \u00e9 dos pr\u00f3prios moradores, que carinhosamente chamam o lugar de \u201cquintal de casa\u201d, tendo em vista que o zoo, assim como a pr\u00f3pria Quinta da Boa Vista e o Museu Nacional, s\u00e3o fontes de visita\u00e7\u00e3o e de lazer para gera\u00e7\u00f5es e gera\u00e7\u00f5es de brasileiro.<\/p>\n<p>SERVI\u00c7O<\/p>\n<p>O BioParque do Rio funciona diariamente, das 9h \u00e0s 17h, com \u00faltima entrada ao circuito de visita\u00e7\u00e3o \u00e0s 16h.<\/p>\n<p>Seguindo as determina\u00e7\u00f5es da Prefeitura do Rio e as recomenda\u00e7\u00f5es da Organiza\u00e7\u00e3o Mundial de Sa\u00fade (OMS), h\u00e1 um rigoroso protocolo de seguran\u00e7a sanit\u00e1ria, com condutas de higieniza\u00e7\u00e3o dos espa\u00e7os diversas vezes ao dia.<\/p>\n<p>Logo na entrada, no posto de triagem, \u00e9 feita a aferi\u00e7\u00e3o de temperatura corporal e higieniza\u00e7\u00e3o de m\u00e3os e cal\u00e7ados. O uso da m\u00e1scara \u00e9 obrigat\u00f3rio durante a visita, e o parque conta ainda com um ambulat\u00f3rio para primeiros socorros.<\/p>\n<p>Bilhetes \u2013 A venda de bilhetes avulsos \u00e9 realizada somente pelo site <strong>www.bioparquedorio.com.br<\/strong>.<\/p>\n<p>Programa s\u00f3cio anual \u2013 voc\u00ea pode ajudar no projeto e nas pesquisas ao se tornar um s\u00f3cio anual. H\u00e1 cinco projetos beneficiados por esse sistema: Reprodu\u00e7\u00e3o das araras canind\u00e9; Reintrodu\u00e7\u00e3o de guar\u00e1s; Gen\u00e9tica da on\u00e7a-pintada; Reintrodu\u00e7\u00e3o dos trinca-ferro; e Conserva\u00e7\u00e3o de pequenos carn\u00edvoros. O valor \u00e9 de R$ 99,90\/ano e d\u00e1 acesso ilimitado ao parque, descontos exclusivos em lojas, \u00e1rea gastron\u00f4mica, desconto para estacionamento e acesso a atividades educacionais virtuais. \u00c9 poss\u00edvel incluir at\u00e9 sete dependentes, com descontos progressivos.<\/p>\n","protected":false},"excerpt":{"rendered":"<p>BIOPARQUE DO RIO: NOVO CONCEITO NO GRANDE CONDOM\u00cdNIO DOS ANIMAIS REINAUGURADO RECENTEMENTE COM UMA NOVA PROPOSTA, EQUIPAMENTO RE\u00daNE<\/p>\n","protected":false},"author":1,"featured_media":0,"parent":0,"menu_order":0,"comment_status":"closed","ping_status":"closed","template":"elementor_header_footer","meta":{"footnotes":""},"class_list":["post-596","page","type-page","status-publish","hentry"],"_links":{"self":[{"href":"https:\/\/revistadoscondominios.com.br\/desenvolvimento\/wp-json\/wp\/v2\/pages\/596","targetHints":{"allow":["GET"]}}],"collection":[{"href":"https:\/\/revistadoscondominios.com.br\/desenvolvimento\/wp-json\/wp\/v2\/pages"}],"about":[{"href":"https:\/\/revistadoscondominios.com.br\/desenvolvimento\/wp-json\/wp\/v2\/types\/page"}],"author":[{"embeddable":true,"href":"https:\/\/revistadoscondominios.com.br\/desenvolvimento\/wp-json\/wp\/v2\/users\/1"}],"replies":[{"embeddable":true,"href":"https:\/\/revistadoscondominios.com.br\/desenvolvimento\/wp-json\/wp\/v2\/comments?post=596"}],"version-history":[{"count":0,"href":"https:\/\/revistadoscondominios.com.br\/desenvolvimento\/wp-json\/wp\/v2\/pages\/596\/revisions"}],"wp:attachment":[{"href":"https:\/\/revistadoscondominios.com.br\/desenvolvimento\/wp-json\/wp\/v2\/media?parent=596"}],"curies":[{"name":"wp","href":"https:\/\/api.w.org\/{rel}","templated":true}]}}